{"id":7,"date":"2025-07-06T10:59:27","date_gmt":"2025-07-06T13:59:27","guid":{"rendered":"http:\/\/thermaswaterparksaopedro.com.br\/?page_id=7"},"modified":"2025-07-24T09:37:05","modified_gmt":"2025-07-24T12:37:05","slug":"ingressos-para-thermas-de-sao-pedro","status":"publish","type":"page","link":"https:\/\/thermaswaterparksaopedro.com.br\/","title":{"rendered":"Ingressos para Thermas de S\u00e3o Pedro"},"content":{"rendered":"\t\t<div data-elementor-type=\"wp-post\" data-elementor-id=\"7\" class=\"elementor elementor-7\">\n\t\t\t\t<div class=\"elementor-element elementor-element-34b9c8f e-con-full elementor-hidden-tablet elementor-hidden-mobile e-flex e-con e-parent\" data-id=\"34b9c8f\" data-element_type=\"container\" data-settings=\"{&quot;background_background&quot;:&quot;slideshow&quot;,&quot;background_slideshow_gallery&quot;:[{&quot;id&quot;:33,&quot;url&quot;:&quot;https:\\\/\\\/thermaswaterparksaopedro.com.br\\\/wp-content\\\/uploads\\\/2025\\\/07\\\/piscina-com-agua-termal.jpg&quot;},{&quot;id&quot;:30,&quot;url&quot;:&quot;https:\\\/\\\/thermaswaterparksaopedro.com.br\\\/wp-content\\\/uploads\\\/2025\\\/07\\\/circuito-de-tobogas-do-parque-thermas-de-sao-pedro.jpg&quot;},{&quot;id&quot;:35,&quot;url&quot;:&quot;https:\\\/\\\/thermaswaterparksaopedro.com.br\\\/wp-content\\\/uploads\\\/2025\\\/07\\\/arara-da-fazendinha-no-thermas-de-sao-pedro.jpg&quot;},{&quot;id&quot;:28,&quot;url&quot;:&quot;https:\\\/\\\/thermaswaterparksaopedro.com.br\\\/wp-content\\\/uploads\\\/2025\\\/07\\\/area-kids-parque-thermas-de-sao-pedro.jpg&quot;},{&quot;id&quot;:31,&quot;url&quot;:&quot;https:\\\/\\\/thermaswaterparksaopedro.com.br\\\/wp-content\\\/uploads\\\/2025\\\/07\\\/dinossauro-no-thermas-de-sao-pedro.jpg&quot;},{&quot;id&quot;:34,&quot;url&quot;:&quot;https:\\\/\\\/thermaswaterparksaopedro.com.br\\\/wp-content\\\/uploads\\\/2025\\\/07\\\/quiosques-do-parque-thermas-de-sao-pedro.jpg&quot;},{&quot;id&quot;:29,&quot;url&quot;:&quot;https:\\\/\\\/thermaswaterparksaopedro.com.br\\\/wp-content\\\/uploads\\\/2025\\\/07\\\/circuito-de-tobogas-do-parque-thermas-de-sao-pedro-2.jpg&quot;},{&quot;id&quot;:32,&quot;url&quot;:&quot;https:\\\/\\\/thermaswaterparksaopedro.com.br\\\/wp-content\\\/uploads\\\/2025\\\/07\\\/imagem-aerea-do-thermas-de-sao-pedro.jpg&quot;}],&quot;background_slideshow_slide_duration&quot;:3000,&quot;background_slideshow_loop&quot;:&quot;yes&quot;,&quot;background_slideshow_slide_transition&quot;:&quot;fade&quot;,&quot;background_slideshow_transition_duration&quot;:500}\">\n\t\t<div class=\"elementor-element elementor-element-48f8104 e-con-full e-flex e-con e-child\" data-id=\"48f8104\" data-element_type=\"container\">\n\t\t\t\t<div class=\"elementor-element elementor-element-0bb4d7c elementor-widget elementor-widget-image\" data-id=\"0bb4d7c\" data-element_type=\"widget\" data-widget_type=\"image.default\">\n\t\t\t\t\t\t\t\t\t\t\t\t\t\t\t<img fetchpriority=\"high\" decoding=\"async\" width=\"300\" height=\"200\" src=\"https:\/\/thermaswaterparksaopedro.com.br\/wp-content\/uploads\/2025\/07\/Logo-Thermas-de-Sao-Pedro-com-fundo-azul-300x200.png\" class=\"attachment-medium size-medium wp-image-36\" alt=\"\" srcset=\"https:\/\/thermaswaterparksaopedro.com.br\/wp-content\/uploads\/2025\/07\/Logo-Thermas-de-Sao-Pedro-com-fundo-azul-300x200.png 300w, https:\/\/thermaswaterparksaopedro.com.br\/wp-content\/uploads\/2025\/07\/Logo-Thermas-de-Sao-Pedro-com-fundo-azul.png 600w\" sizes=\"(max-width: 300px) 100vw, 300px\" \/>\t\t\t\t\t\t\t\t\t\t\t\t\t\t\t<\/div>\n\t\t\t\t<\/div>\n\t\t<div class=\"elementor-element elementor-element-349fc09 e-con-full e-flex e-con e-child\" data-id=\"349fc09\" data-element_type=\"container\" data-settings=\"{&quot;background_background&quot;:&quot;classic&quot;}\">\n\t\t\t\t<div class=\"elementor-element elementor-element-25e1d1c elementor-widget elementor-widget-text-editor\" data-id=\"25e1d1c\" data-element_type=\"widget\" data-widget_type=\"text-editor.default\">\n\t\t\t\t\t\t\t\t\t<p>ESCOLHA UMA DAS OP\u00c7\u00d5ES ABAIXO:<\/p>\t\t\t\t\t\t\t\t<\/div>\n\t\t\t\t<div class=\"elementor-element elementor-element-03423fd elementor-align-justify elementor-widget elementor-widget-button\" data-id=\"03423fd\" data-element_type=\"widget\" data-widget_type=\"button.default\">\n\t\t\t\t\t\t\t\t\t\t<a class=\"elementor-button elementor-button-link elementor-size-sm\" href=\"https:\/\/www.thermas.com.br\/ingresso\/parceiros\/agencia-balloon\">\n\t\t\t\t\t\t<span class=\"elementor-button-content-wrapper\">\n\t\t\t\t\t\t<span class=\"elementor-button-icon\">\n\t\t\t\t<svg aria-hidden=\"true\" class=\"e-font-icon-svg e-fas-ticket-alt\" viewBox=\"0 0 576 512\" xmlns=\"http:\/\/www.w3.org\/2000\/svg\"><path d=\"M128 160h320v192H128V160zm400 96c0 26.51 21.49 48 48 48v96c0 26.51-21.49 48-48 48H48c-26.51 0-48-21.49-48-48v-96c26.51 0 48-21.49 48-48s-21.49-48-48-48v-96c0-26.51 21.49-48 48-48h480c26.51 0 48 21.49 48 48v96c-26.51 0-48 21.49-48 48zm-48-104c0-13.255-10.745-24-24-24H120c-13.255 0-24 10.745-24 24v208c0 13.255 10.745 24 24 24h336c13.255 0 24-10.745 24-24V152z\"><\/path><\/svg>\t\t\t<\/span>\n\t\t\t\t\t\t\t\t\t<span class=\"elementor-button-text\">INGRESSOS PARA O PARQUE<\/span>\n\t\t\t\t\t<\/span>\n\t\t\t\t\t<\/a>\n\t\t\t\t\t\t\t\t<\/div>\n\t\t\t\t<div class=\"elementor-element elementor-element-c59bf7b elementor-align-justify elementor-widget elementor-widget-button\" data-id=\"c59bf7b\" data-element_type=\"widget\" data-widget_type=\"button.default\">\n\t\t\t\t\t\t\t\t\t\t<a class=\"elementor-button elementor-button-link elementor-size-sm\" href=\"https:\/\/www.saopedrothermasresort.com.br\/\">\n\t\t\t\t\t\t<span class=\"elementor-button-content-wrapper\">\n\t\t\t\t\t\t<span class=\"elementor-button-icon\">\n\t\t\t\t<svg aria-hidden=\"true\" class=\"e-font-icon-svg e-fas-hotel\" viewBox=\"0 0 576 512\" xmlns=\"http:\/\/www.w3.org\/2000\/svg\"><path d=\"M560 64c8.84 0 16-7.16 16-16V16c0-8.84-7.16-16-16-16H16C7.16 0 0 7.16 0 16v32c0 8.84 7.16 16 16 16h15.98v384H16c-8.84 0-16 7.16-16 16v32c0 8.84 7.16 16 16 16h240v-80c0-8.8 7.2-16 16-16h32c8.8 0 16 7.2 16 16v80h240c8.84 0 16-7.16 16-16v-32c0-8.84-7.16-16-16-16h-16V64h16zm-304 44.8c0-6.4 6.4-12.8 12.8-12.8h38.4c6.4 0 12.8 6.4 12.8 12.8v38.4c0 6.4-6.4 12.8-12.8 12.8h-38.4c-6.4 0-12.8-6.4-12.8-12.8v-38.4zm0 96c0-6.4 6.4-12.8 12.8-12.8h38.4c6.4 0 12.8 6.4 12.8 12.8v38.4c0 6.4-6.4 12.8-12.8 12.8h-38.4c-6.4 0-12.8-6.4-12.8-12.8v-38.4zm-128-96c0-6.4 6.4-12.8 12.8-12.8h38.4c6.4 0 12.8 6.4 12.8 12.8v38.4c0 6.4-6.4 12.8-12.8 12.8h-38.4c-6.4 0-12.8-6.4-12.8-12.8v-38.4zM179.2 256h-38.4c-6.4 0-12.8-6.4-12.8-12.8v-38.4c0-6.4 6.4-12.8 12.8-12.8h38.4c6.4 0 12.8 6.4 12.8 12.8v38.4c0 6.4-6.4 12.8-12.8 12.8zM192 384c0-53.02 42.98-96 96-96s96 42.98 96 96H192zm256-140.8c0 6.4-6.4 12.8-12.8 12.8h-38.4c-6.4 0-12.8-6.4-12.8-12.8v-38.4c0-6.4 6.4-12.8 12.8-12.8h38.4c6.4 0 12.8 6.4 12.8 12.8v38.4zm0-96c0 6.4-6.4 12.8-12.8 12.8h-38.4c-6.4 0-12.8-6.4-12.8-12.8v-38.4c0-6.4 6.4-12.8 12.8-12.8h38.4c6.4 0 12.8 6.4 12.8 12.8v38.4z\"><\/path><\/svg>\t\t\t<\/span>\n\t\t\t\t\t\t\t\t\t<span class=\"elementor-button-text\">HOSPEDAGEM THERMAS RESORT<\/span>\n\t\t\t\t\t<\/span>\n\t\t\t\t\t<\/a>\n\t\t\t\t\t\t\t\t<\/div>\n\t\t\t\t<\/div>\n\t\t\t\t<\/div>\n\t\t<div class=\"elementor-element elementor-element-daa797c e-con-full elementor-hidden-tablet elementor-hidden-mobile e-flex e-con e-parent\" data-id=\"daa797c\" data-element_type=\"container\">\n\t\t\t\t<div class=\"elementor-element elementor-element-bd66b6f elementor-widget elementor-widget-image\" data-id=\"bd66b6f\" data-element_type=\"widget\" data-widget_type=\"image.default\">\n\t\t\t\t\t\t\t\t\t\t\t\t\t\t\t<img decoding=\"async\" width=\"1366\" height=\"200\" src=\"https:\/\/thermaswaterparksaopedro.com.br\/wp-content\/uploads\/2025\/07\/Faixa.png\" class=\"attachment-full size-full wp-image-38\" alt=\"\" srcset=\"https:\/\/thermaswaterparksaopedro.com.br\/wp-content\/uploads\/2025\/07\/Faixa.png 1366w, https:\/\/thermaswaterparksaopedro.com.br\/wp-content\/uploads\/2025\/07\/Faixa-300x44.png 300w, https:\/\/thermaswaterparksaopedro.com.br\/wp-content\/uploads\/2025\/07\/Faixa-1024x150.png 1024w, https:\/\/thermaswaterparksaopedro.com.br\/wp-content\/uploads\/2025\/07\/Faixa-768x112.png 768w\" sizes=\"(max-width: 1366px) 100vw, 1366px\" \/>\t\t\t\t\t\t\t\t\t\t\t\t\t\t\t<\/div>\n\t\t\t\t<div class=\"elementor-element elementor-element-c35b65d elementor-widget elementor-widget-image\" data-id=\"c35b65d\" data-element_type=\"widget\" data-widget_type=\"image.default\">\n\t\t\t\t\t\t\t\t\t\t\t\t\t\t\t<img decoding=\"async\" width=\"300\" height=\"200\" src=\"https:\/\/thermaswaterparksaopedro.com.br\/wp-content\/uploads\/2025\/07\/selo-parceiro-autorizado.jpg\" class=\"attachment-medium size-medium wp-image-40\" alt=\"\" \/>\t\t\t\t\t\t\t\t\t\t\t\t\t\t\t<\/div>\n\t\t\t\t<\/div>\n\t\t<div class=\"elementor-element elementor-element-94c8c0d e-con-full elementor-hidden-desktop e-flex e-con e-parent\" data-id=\"94c8c0d\" data-element_type=\"container\" data-settings=\"{&quot;background_background&quot;:&quot;slideshow&quot;,&quot;background_slideshow_gallery&quot;:[{&quot;id&quot;:33,&quot;url&quot;:&quot;https:\\\/\\\/thermaswaterparksaopedro.com.br\\\/wp-content\\\/uploads\\\/2025\\\/07\\\/piscina-com-agua-termal.jpg&quot;},{&quot;id&quot;:30,&quot;url&quot;:&quot;https:\\\/\\\/thermaswaterparksaopedro.com.br\\\/wp-content\\\/uploads\\\/2025\\\/07\\\/circuito-de-tobogas-do-parque-thermas-de-sao-pedro.jpg&quot;},{&quot;id&quot;:35,&quot;url&quot;:&quot;https:\\\/\\\/thermaswaterparksaopedro.com.br\\\/wp-content\\\/uploads\\\/2025\\\/07\\\/arara-da-fazendinha-no-thermas-de-sao-pedro.jpg&quot;},{&quot;id&quot;:28,&quot;url&quot;:&quot;https:\\\/\\\/thermaswaterparksaopedro.com.br\\\/wp-content\\\/uploads\\\/2025\\\/07\\\/area-kids-parque-thermas-de-sao-pedro.jpg&quot;},{&quot;id&quot;:31,&quot;url&quot;:&quot;https:\\\/\\\/thermaswaterparksaopedro.com.br\\\/wp-content\\\/uploads\\\/2025\\\/07\\\/dinossauro-no-thermas-de-sao-pedro.jpg&quot;},{&quot;id&quot;:34,&quot;url&quot;:&quot;https:\\\/\\\/thermaswaterparksaopedro.com.br\\\/wp-content\\\/uploads\\\/2025\\\/07\\\/quiosques-do-parque-thermas-de-sao-pedro.jpg&quot;},{&quot;id&quot;:29,&quot;url&quot;:&quot;https:\\\/\\\/thermaswaterparksaopedro.com.br\\\/wp-content\\\/uploads\\\/2025\\\/07\\\/circuito-de-tobogas-do-parque-thermas-de-sao-pedro-2.jpg&quot;},{&quot;id&quot;:32,&quot;url&quot;:&quot;https:\\\/\\\/thermaswaterparksaopedro.com.br\\\/wp-content\\\/uploads\\\/2025\\\/07\\\/imagem-aerea-do-thermas-de-sao-pedro.jpg&quot;}],&quot;background_slideshow_slide_duration&quot;:3000,&quot;background_slideshow_loop&quot;:&quot;yes&quot;,&quot;background_slideshow_slide_transition&quot;:&quot;fade&quot;,&quot;background_slideshow_transition_duration&quot;:500}\">\n\t\t<div class=\"elementor-element elementor-element-670ebde e-con-full e-flex e-con e-child\" data-id=\"670ebde\" data-element_type=\"container\">\n\t\t\t\t<div class=\"elementor-element elementor-element-1c4663d elementor-widget elementor-widget-image\" data-id=\"1c4663d\" data-element_type=\"widget\" data-widget_type=\"image.default\">\n\t\t\t\t\t\t\t\t\t\t\t\t\t\t\t<img fetchpriority=\"high\" decoding=\"async\" width=\"300\" height=\"200\" src=\"https:\/\/thermaswaterparksaopedro.com.br\/wp-content\/uploads\/2025\/07\/Logo-Thermas-de-Sao-Pedro-com-fundo-azul-300x200.png\" class=\"attachment-medium size-medium wp-image-36\" alt=\"\" srcset=\"https:\/\/thermaswaterparksaopedro.com.br\/wp-content\/uploads\/2025\/07\/Logo-Thermas-de-Sao-Pedro-com-fundo-azul-300x200.png 300w, https:\/\/thermaswaterparksaopedro.com.br\/wp-content\/uploads\/2025\/07\/Logo-Thermas-de-Sao-Pedro-com-fundo-azul.png 600w\" sizes=\"(max-width: 300px) 100vw, 300px\" \/>\t\t\t\t\t\t\t\t\t\t\t\t\t\t\t<\/div>\n\t\t\t\t<\/div>\n\t\t\t\t<\/div>\n\t\t<div class=\"elementor-element elementor-element-cf3cb00 e-con-full elementor-hidden-desktop e-flex e-con e-parent\" data-id=\"cf3cb00\" data-element_type=\"container\">\n\t\t\t\t<div class=\"elementor-element elementor-element-8641bfd elementor-widget elementor-widget-image\" data-id=\"8641bfd\" data-element_type=\"widget\" data-widget_type=\"image.default\">\n\t\t\t\t\t\t\t\t\t\t\t\t\t\t\t<img decoding=\"async\" width=\"1366\" height=\"200\" src=\"https:\/\/thermaswaterparksaopedro.com.br\/wp-content\/uploads\/2025\/07\/Faixa.png\" class=\"attachment-full size-full wp-image-38\" alt=\"\" srcset=\"https:\/\/thermaswaterparksaopedro.com.br\/wp-content\/uploads\/2025\/07\/Faixa.png 1366w, https:\/\/thermaswaterparksaopedro.com.br\/wp-content\/uploads\/2025\/07\/Faixa-300x44.png 300w, https:\/\/thermaswaterparksaopedro.com.br\/wp-content\/uploads\/2025\/07\/Faixa-1024x150.png 1024w, https:\/\/thermaswaterparksaopedro.com.br\/wp-content\/uploads\/2025\/07\/Faixa-768x112.png 768w\" sizes=\"(max-width: 1366px) 100vw, 1366px\" \/>\t\t\t\t\t\t\t\t\t\t\t\t\t\t\t<\/div>\n\t\t\t\t<div class=\"elementor-element elementor-element-eb23a06 elementor-widget elementor-widget-text-editor\" data-id=\"eb23a06\" data-element_type=\"widget\" data-widget_type=\"text-editor.default\">\n\t\t\t\t\t\t\t\t\t<p>ESCOLHA UMA DAS OP\u00c7\u00d5ES ABAIXO:<\/p>\t\t\t\t\t\t\t\t<\/div>\n\t\t\t\t<div class=\"elementor-element elementor-element-01b5b25 elementor-align-justify elementor-widget elementor-widget-button\" data-id=\"01b5b25\" data-element_type=\"widget\" data-widget_type=\"button.default\">\n\t\t\t\t\t\t\t\t\t\t<a class=\"elementor-button elementor-button-link elementor-size-sm\" href=\"https:\/\/www.thermas.com.br\/ingresso\/parceiros\/juliana-mendes\">\n\t\t\t\t\t\t<span class=\"elementor-button-content-wrapper\">\n\t\t\t\t\t\t<span class=\"elementor-button-icon\">\n\t\t\t\t<svg aria-hidden=\"true\" class=\"e-font-icon-svg e-fas-ticket-alt\" viewBox=\"0 0 576 512\" xmlns=\"http:\/\/www.w3.org\/2000\/svg\"><path d=\"M128 160h320v192H128V160zm400 96c0 26.51 21.49 48 48 48v96c0 26.51-21.49 48-48 48H48c-26.51 0-48-21.49-48-48v-96c26.51 0 48-21.49 48-48s-21.49-48-48-48v-96c0-26.51 21.49-48 48-48h480c26.51 0 48 21.49 48 48v96c-26.51 0-48 21.49-48 48zm-48-104c0-13.255-10.745-24-24-24H120c-13.255 0-24 10.745-24 24v208c0 13.255 10.745 24 24 24h336c13.255 0 24-10.745 24-24V152z\"><\/path><\/svg>\t\t\t<\/span>\n\t\t\t\t\t\t\t\t\t<span class=\"elementor-button-text\">INGRESSOS PARA O PARQUE<\/span>\n\t\t\t\t\t<\/span>\n\t\t\t\t\t<\/a>\n\t\t\t\t\t\t\t\t<\/div>\n\t\t\t\t<div class=\"elementor-element elementor-element-7bd4272 elementor-align-justify elementor-widget elementor-widget-button\" data-id=\"7bd4272\" data-element_type=\"widget\" data-widget_type=\"button.default\">\n\t\t\t\t\t\t\t\t\t\t<a class=\"elementor-button elementor-button-link elementor-size-sm\" href=\"https:\/\/www.saopedrothermasresort.com.br\/\">\n\t\t\t\t\t\t<span class=\"elementor-button-content-wrapper\">\n\t\t\t\t\t\t<span class=\"elementor-button-icon\">\n\t\t\t\t<svg aria-hidden=\"true\" class=\"e-font-icon-svg e-fas-hotel\" viewBox=\"0 0 576 512\" xmlns=\"http:\/\/www.w3.org\/2000\/svg\"><path d=\"M560 64c8.84 0 16-7.16 16-16V16c0-8.84-7.16-16-16-16H16C7.16 0 0 7.16 0 16v32c0 8.84 7.16 16 16 16h15.98v384H16c-8.84 0-16 7.16-16 16v32c0 8.84 7.16 16 16 16h240v-80c0-8.8 7.2-16 16-16h32c8.8 0 16 7.2 16 16v80h240c8.84 0 16-7.16 16-16v-32c0-8.84-7.16-16-16-16h-16V64h16zm-304 44.8c0-6.4 6.4-12.8 12.8-12.8h38.4c6.4 0 12.8 6.4 12.8 12.8v38.4c0 6.4-6.4 12.8-12.8 12.8h-38.4c-6.4 0-12.8-6.4-12.8-12.8v-38.4zm0 96c0-6.4 6.4-12.8 12.8-12.8h38.4c6.4 0 12.8 6.4 12.8 12.8v38.4c0 6.4-6.4 12.8-12.8 12.8h-38.4c-6.4 0-12.8-6.4-12.8-12.8v-38.4zm-128-96c0-6.4 6.4-12.8 12.8-12.8h38.4c6.4 0 12.8 6.4 12.8 12.8v38.4c0 6.4-6.4 12.8-12.8 12.8h-38.4c-6.4 0-12.8-6.4-12.8-12.8v-38.4zM179.2 256h-38.4c-6.4 0-12.8-6.4-12.8-12.8v-38.4c0-6.4 6.4-12.8 12.8-12.8h38.4c6.4 0 12.8 6.4 12.8 12.8v38.4c0 6.4-6.4 12.8-12.8 12.8zM192 384c0-53.02 42.98-96 96-96s96 42.98 96 96H192zm256-140.8c0 6.4-6.4 12.8-12.8 12.8h-38.4c-6.4 0-12.8-6.4-12.8-12.8v-38.4c0-6.4 6.4-12.8 12.8-12.8h38.4c6.4 0 12.8 6.4 12.8 12.8v38.4zm0-96c0 6.4-6.4 12.8-12.8 12.8h-38.4c-6.4 0-12.8-6.4-12.8-12.8v-38.4c0-6.4 6.4-12.8 12.8-12.8h38.4c6.4 0 12.8 6.4 12.8 12.8v38.4z\"><\/path><\/svg>\t\t\t<\/span>\n\t\t\t\t\t\t\t\t\t<span class=\"elementor-button-text\">HOSPEDAGEM THERMAS RESORT<\/span>\n\t\t\t\t\t<\/span>\n\t\t\t\t\t<\/a>\n\t\t\t\t\t\t\t\t<\/div>\n\t\t\t\t<div class=\"elementor-element elementor-element-73c8ea7 elementor-widget elementor-widget-image\" data-id=\"73c8ea7\" data-element_type=\"widget\" data-widget_type=\"image.default\">\n\t\t\t\t\t\t\t\t\t\t\t\t\t\t\t<img decoding=\"async\" width=\"300\" height=\"200\" src=\"https:\/\/thermaswaterparksaopedro.com.br\/wp-content\/uploads\/2025\/07\/selo-parceiro-autorizado.jpg\" class=\"attachment-medium size-medium wp-image-40\" alt=\"\" \/>\t\t\t\t\t\t\t\t\t\t\t\t\t\t\t<\/div>\n\t\t\t\t<\/div>\n\t\t\t\t<\/div>\n\t\t","protected":false},"excerpt":{"rendered":"<p>Ingressos on-line para o parque Thermas de S\u00e3o Pedro<\/p>\n","protected":false},"author":1,"featured_media":10,"parent":0,"menu_order":0,"comment_status":"closed","ping_status":"closed","template":"","meta":{"footnotes":""},"class_list":["post-7","page","type-page","status-publish","has-post-thumbnail","hentry"],"yoast_head":"<!-- This site is optimized with the Yoast SEO plugin v25.4 - https:\/\/yoast.com\/wordpress\/plugins\/seo\/ -->\n<title>Ingressos para Thermas de S\u00e3o Pedro - Thermas de S\u00e3o Pedro<\/title>\n<meta name=\"robots\" content=\"index, follow, max-snippet:-1, max-image-preview:large, max-video-preview:-1\" \/>\n<link rel=\"canonical\" href=\"https:\/\/thermaswaterparksaopedro.com.br\/\" \/>\n<meta property=\"og:locale\" content=\"pt_BR\" \/>\n<meta property=\"og:type\" content=\"article\" \/>\n<meta property=\"og:title\" content=\"Ingressos para Thermas de S\u00e3o Pedro - Thermas de S\u00e3o Pedro\" \/>\n<meta property=\"og:description\" content=\"Ingressos on-line para o parque Thermas de S\u00e3o Pedro\" \/>\n<meta property=\"og:url\" content=\"https:\/\/thermaswaterparksaopedro.com.br\/\" \/>\n<meta property=\"og:site_name\" content=\"Thermas de S\u00e3o Pedro\" \/>\n<meta property=\"article:modified_time\" content=\"2025-07-24T12:37:05+00:00\" \/>\n<meta property=\"og:image\" content=\"https:\/\/thermaswaterparksaopedro.com.br\/wp-content\/uploads\/2025\/07\/Logo-Thermas.png\" \/>\n\t<meta property=\"og:image:width\" content=\"500\" \/>\n\t<meta property=\"og:image:height\" content=\"500\" \/>\n\t<meta property=\"og:image:type\" content=\"image\/png\" \/>\n<meta name=\"twitter:card\" content=\"summary_large_image\" \/>\n<meta name=\"twitter:label1\" content=\"Est. tempo de leitura\" \/>\n\t<meta name=\"twitter:data1\" content=\"1 minuto\" \/>\n<script type=\"application\/ld+json\" class=\"yoast-schema-graph\">{\"@context\":\"https:\/\/schema.org\",\"@graph\":[{\"@type\":\"WebPage\",\"@id\":\"https:\/\/thermaswaterparksaopedro.com.br\/\",\"url\":\"https:\/\/thermaswaterparksaopedro.com.br\/\",\"name\":\"Ingressos para Thermas de S\u00e3o Pedro - Thermas de S\u00e3o Pedro\",\"isPartOf\":{\"@id\":\"https:\/\/thermaswaterparksaopedro.com.br\/#website\"},\"primaryImageOfPage\":{\"@id\":\"https:\/\/thermaswaterparksaopedro.com.br\/#primaryimage\"},\"image\":{\"@id\":\"https:\/\/thermaswaterparksaopedro.com.br\/#primaryimage\"},\"thumbnailUrl\":\"https:\/\/thermaswaterparksaopedro.com.br\/wp-content\/uploads\/2025\/07\/Logo-Thermas.png\",\"datePublished\":\"2025-07-06T13:59:27+00:00\",\"dateModified\":\"2025-07-24T12:37:05+00:00\",\"breadcrumb\":{\"@id\":\"https:\/\/thermaswaterparksaopedro.com.br\/#breadcrumb\"},\"inLanguage\":\"pt-BR\",\"potentialAction\":[{\"@type\":\"ReadAction\",\"target\":[\"https:\/\/thermaswaterparksaopedro.com.br\/\"]}]},{\"@type\":\"ImageObject\",\"inLanguage\":\"pt-BR\",\"@id\":\"https:\/\/thermaswaterparksaopedro.com.br\/#primaryimage\",\"url\":\"https:\/\/thermaswaterparksaopedro.com.br\/wp-content\/uploads\/2025\/07\/Logo-Thermas.png\",\"contentUrl\":\"https:\/\/thermaswaterparksaopedro.com.br\/wp-content\/uploads\/2025\/07\/Logo-Thermas.png\",\"width\":500,\"height\":500,\"caption\":\"Logomarca Thermas de S\u00e3o Pedro\"},{\"@type\":\"BreadcrumbList\",\"@id\":\"https:\/\/thermaswaterparksaopedro.com.br\/#breadcrumb\",\"itemListElement\":[{\"@type\":\"ListItem\",\"position\":1,\"name\":\"Home\",\"item\":\"https:\/\/thermaswaterparksaopedro.com.br\/\"},{\"@type\":\"ListItem\",\"position\":2,\"name\":\"Ingressos para Thermas de S\u00e3o Pedro\"}]},{\"@type\":\"WebSite\",\"@id\":\"https:\/\/thermaswaterparksaopedro.com.br\/#website\",\"url\":\"https:\/\/thermaswaterparksaopedro.com.br\/\",\"name\":\"Thermas de S\u00e3o Pedro\",\"description\":\"O Thermas de S\u00e3o Pedro \u00e9 o parque aqu\u00e1tico mais bem avaliado do Brasil!\",\"publisher\":{\"@id\":\"https:\/\/thermaswaterparksaopedro.com.br\/#organization\"},\"potentialAction\":[{\"@type\":\"SearchAction\",\"target\":{\"@type\":\"EntryPoint\",\"urlTemplate\":\"https:\/\/thermaswaterparksaopedro.com.br\/?s={search_term_string}\"},\"query-input\":{\"@type\":\"PropertyValueSpecification\",\"valueRequired\":true,\"valueName\":\"search_term_string\"}}],\"inLanguage\":\"pt-BR\"},{\"@type\":\"Organization\",\"@id\":\"https:\/\/thermaswaterparksaopedro.com.br\/#organization\",\"name\":\"Thermas de S\u00e3o Pedro\",\"url\":\"https:\/\/thermaswaterparksaopedro.com.br\/\",\"logo\":{\"@type\":\"ImageObject\",\"inLanguage\":\"pt-BR\",\"@id\":\"https:\/\/thermaswaterparksaopedro.com.br\/#\/schema\/logo\/image\/\",\"url\":\"https:\/\/thermaswaterparksaopedro.com.br\/wp-content\/uploads\/2025\/07\/Logo-Thermas.png\",\"contentUrl\":\"https:\/\/thermaswaterparksaopedro.com.br\/wp-content\/uploads\/2025\/07\/Logo-Thermas.png\",\"width\":500,\"height\":500,\"caption\":\"Thermas de S\u00e3o Pedro\"},\"image\":{\"@id\":\"https:\/\/thermaswaterparksaopedro.com.br\/#\/schema\/logo\/image\/\"}}]}<\/script>\n<!-- \/ Yoast SEO plugin. -->","yoast_head_json":{"title":"Ingressos para Thermas de S\u00e3o Pedro - Thermas de S\u00e3o Pedro","robots":{"index":"index","follow":"follow","max-snippet":"max-snippet:-1","max-image-preview":"max-image-preview:large","max-video-preview":"max-video-preview:-1"},"canonical":"https:\/\/thermaswaterparksaopedro.com.br\/","og_locale":"pt_BR","og_type":"article","og_title":"Ingressos para Thermas de S\u00e3o Pedro - Thermas de S\u00e3o Pedro","og_description":"Ingressos on-line para o parque Thermas de S\u00e3o Pedro","og_url":"https:\/\/thermaswaterparksaopedro.com.br\/","og_site_name":"Thermas de S\u00e3o Pedro","article_modified_time":"2025-07-24T12:37:05+00:00","og_image":[{"width":500,"height":500,"url":"https:\/\/thermaswaterparksaopedro.com.br\/wp-content\/uploads\/2025\/07\/Logo-Thermas.png","type":"image\/png"}],"twitter_card":"summary_large_image","twitter_misc":{"Est. tempo de leitura":"1 minuto"},"schema":{"@context":"https:\/\/schema.org","@graph":[{"@type":"WebPage","@id":"https:\/\/thermaswaterparksaopedro.com.br\/","url":"https:\/\/thermaswaterparksaopedro.com.br\/","name":"Ingressos para Thermas de S\u00e3o Pedro - Thermas de S\u00e3o Pedro","isPartOf":{"@id":"https:\/\/thermaswaterparksaopedro.com.br\/#website"},"primaryImageOfPage":{"@id":"https:\/\/thermaswaterparksaopedro.com.br\/#primaryimage"},"image":{"@id":"https:\/\/thermaswaterparksaopedro.com.br\/#primaryimage"},"thumbnailUrl":"https:\/\/thermaswaterparksaopedro.com.br\/wp-content\/uploads\/2025\/07\/Logo-Thermas.png","datePublished":"2025-07-06T13:59:27+00:00","dateModified":"2025-07-24T12:37:05+00:00","breadcrumb":{"@id":"https:\/\/thermaswaterparksaopedro.com.br\/#breadcrumb"},"inLanguage":"pt-BR","potentialAction":[{"@type":"ReadAction","target":["https:\/\/thermaswaterparksaopedro.com.br\/"]}]},{"@type":"ImageObject","inLanguage":"pt-BR","@id":"https:\/\/thermaswaterparksaopedro.com.br\/#primaryimage","url":"https:\/\/thermaswaterparksaopedro.com.br\/wp-content\/uploads\/2025\/07\/Logo-Thermas.png","contentUrl":"https:\/\/thermaswaterparksaopedro.com.br\/wp-content\/uploads\/2025\/07\/Logo-Thermas.png","width":500,"height":500,"caption":"Logomarca Thermas de S\u00e3o Pedro"},{"@type":"BreadcrumbList","@id":"https:\/\/thermaswaterparksaopedro.com.br\/#breadcrumb","itemListElement":[{"@type":"ListItem","position":1,"name":"Home","item":"https:\/\/thermaswaterparksaopedro.com.br\/"},{"@type":"ListItem","position":2,"name":"Ingressos para Thermas de S\u00e3o Pedro"}]},{"@type":"WebSite","@id":"https:\/\/thermaswaterparksaopedro.com.br\/#website","url":"https:\/\/thermaswaterparksaopedro.com.br\/","name":"Thermas de S\u00e3o Pedro","description":"O Thermas de S\u00e3o Pedro \u00e9 o parque aqu\u00e1tico mais bem avaliado do Brasil!","publisher":{"@id":"https:\/\/thermaswaterparksaopedro.com.br\/#organization"},"potentialAction":[{"@type":"SearchAction","target":{"@type":"EntryPoint","urlTemplate":"https:\/\/thermaswaterparksaopedro.com.br\/?s={search_term_string}"},"query-input":{"@type":"PropertyValueSpecification","valueRequired":true,"valueName":"search_term_string"}}],"inLanguage":"pt-BR"},{"@type":"Organization","@id":"https:\/\/thermaswaterparksaopedro.com.br\/#organization","name":"Thermas de S\u00e3o Pedro","url":"https:\/\/thermaswaterparksaopedro.com.br\/","logo":{"@type":"ImageObject","inLanguage":"pt-BR","@id":"https:\/\/thermaswaterparksaopedro.com.br\/#\/schema\/logo\/image\/","url":"https:\/\/thermaswaterparksaopedro.com.br\/wp-content\/uploads\/2025\/07\/Logo-Thermas.png","contentUrl":"https:\/\/thermaswaterparksaopedro.com.br\/wp-content\/uploads\/2025\/07\/Logo-Thermas.png","width":500,"height":500,"caption":"Thermas de S\u00e3o Pedro"},"image":{"@id":"https:\/\/thermaswaterparksaopedro.com.br\/#\/schema\/logo\/image\/"}}]}},"_links":{"self":[{"href":"https:\/\/thermaswaterparksaopedro.com.br\/index.php\/wp-json\/wp\/v2\/pages\/7","targetHints":{"allow":["GET"]}}],"collection":[{"href":"https:\/\/thermaswaterparksaopedro.com.br\/index.php\/wp-json\/wp\/v2\/pages"}],"about":[{"href":"https:\/\/thermaswaterparksaopedro.com.br\/index.php\/wp-json\/wp\/v2\/types\/page"}],"author":[{"embeddable":true,"href":"https:\/\/thermaswaterparksaopedro.com.br\/index.php\/wp-json\/wp\/v2\/users\/1"}],"replies":[{"embeddable":true,"href":"https:\/\/thermaswaterparksaopedro.com.br\/index.php\/wp-json\/wp\/v2\/comments?post=7"}],"version-history":[{"count":28,"href":"https:\/\/thermaswaterparksaopedro.com.br\/index.php\/wp-json\/wp\/v2\/pages\/7\/revisions"}],"predecessor-version":[{"id":62,"href":"https:\/\/thermaswaterparksaopedro.com.br\/index.php\/wp-json\/wp\/v2\/pages\/7\/revisions\/62"}],"wp:featuredmedia":[{"embeddable":true,"href":"https:\/\/thermaswaterparksaopedro.com.br\/index.php\/wp-json\/wp\/v2\/media\/10"}],"wp:attachment":[{"href":"https:\/\/thermaswaterparksaopedro.com.br\/index.php\/wp-json\/wp\/v2\/media?parent=7"}],"curies":[{"name":"wp","href":"https:\/\/api.w.org\/{rel}","templated":true}]}}